t of t?
2
Suppose 86*f = 21*f + 475800. What is the thousands digit of f?
7
Let y(j) = -19*j - 16. Let n be (12/8)/((-12)/(-16)). Suppose -n*c - 2*c - 20 = 5*o, 3*o - c = -29. What is the hundreds digit of y(o)?
1
Let b(k) = 12*k**2 - 2*k + 34. Let u be (13/((-104)/(-18)))/((-6)/16). What is the tens digit of b(u)?
7
What is the hundreds digit of 10902/2 - ((-1)/2)/((-2)/20)?
4
Let c be 108/(-81) - 7421/3. Let i = c + 4546. What is the thousands digit of i?
2
Suppose 1914 = 4*q - y, -y - 1435 = q - 4*q. Let i = 602 - q. What is the units digit of i?
3
Let x(h) = 1287*h + 444. What is the thousands digit of x(31)?
0
Suppose 0 = v + 3*f - 163, -5*v - 3*f = -4*f - 831. Let a = 302 - v. Let g = a - 96. What is the units digit of g?
0
Suppose l - 11 = -5*u, 4*l = 4*u + 1 - 5. Let a(y) = -14*y - 1 + 47*y**u + 53*y**2 - 98*y**2. What is the units digit of a(11)?
7
Let v(a) = -1750*a. Let k be v(-7). Suppose 9*f + 5*f = k. What is the hundreds digit of f?
8
Let w be (4 - -1)*16/10. Let d be (-1 + 19)*w/16. What is the tens digit of (-2724)/(-108) + (-2)/d - 1?
2
Suppose 88*n - 3662399 - 1095849 = 0. What is the tens digit of n?
7
Suppose 262*z - 329274 - 102764 = 0. What is the tens digit of z?
4
Suppose 5*u = 2*i - 455, -5*i - 499 = 4*u - 1587. What is the hundreds digit of (-2)/(-11 + 1) - (-52316)/i?
2
Let o be 2/1 - (-68 + 12). Let a be 5*(-5)/5 - -28. Let g = o - a. What is the tens digit of g?
3
Let r be (7 + -8)*(-1 + 4 + -647). Let x = 88 + r. What is the tens digit of x?
3
Let f(w) = -w**2 - 40*w - 3 + 0 + 6 + 9*w. Let s = -26 + 9. What is the units digit of f(s)?
1
Let i = 14581 + -8583. What is the hundreds digit of i?
9
Let g(o) = -4*o + 104. Let n be g(5). Suppose 0 = 22*z - 23*z + n. What is the units digit of z?
4
Suppose -3*o + 2*o - 4*v - 16 = 0, 0 = -5*o + 5*v + 45. Suppose o*a = 196 - 180. Suppose -284 = -3*k + 2*z, a*z + 216 = 5*k - 254. What is the tens digit of k?
9
Suppose 205*o - 212*o + 14434 + 36596 = 0. What is the units digit of o?
0
Suppose 102 = 3*p - 21. Let w = 672 - p. What is the tens digit of w?
3
Let z be (-2)/20 + (-1547)/(-170). Suppose 25*m = z*m + 560. What is the tens digit of m?
3
Let i = -1072 - 40. What is the hundreds digit of (-1)/(((-4)/i)/(1/(-2)))?
1
What is the thousands digit of (-74)/1221 + (-201238)/(-66)?
3
Suppose 0 = -l - 2, l + 257 = -3*g + 795. Suppose -900 = -6*f + f + 3*i, g = f - 3*i. What is the tens digit of f?
8
What is the thousands digit of 1746/(-3783) + (-201694)/(-26)?
7
What is the hundreds digit of 21 + 17/(-1) + 46408 + -1?
4
Suppose -4*g + 3*g - 35 = -z, -4*z = 5*g + 166. Let c = g + 39. Suppose 0 = 4*h - 5*k - 66, -5*h - 2*k = c - 104. What is the units digit of h?
9
Let q = 160 - 281. Let w = q + 180. Let z = 150 - w. What is the tens digit of z?
9
Let y(j) = -100*j**2 + 9*j + 54. Let z be y(-8). What is the tens digit of z/(-26) + (-66)/(-429)?
4
Let d = 19489 + 7158. What is the thousands digit of d?
6
Suppose -3*f - 2*n + 1067 = -8*f, -2*f - 2*n - 438 = 0. Let o = 478 + f. What is the hundreds digit of o?
2
Suppose -z = 2 - 3, 4*t + 2*z = 30. Let h = -41 + 42. What is the hundreds digit of -9 + t + (h - -153)?
1
Let h(j) = 2*j**3 + 106*j**2 + 26*j + 171. What is the units digit of h(-50)?
1
Let r = -563 + 1071. Let g(l) = -533*l - 589. Let u be g(-3). Suppose 2*i + r = 2*q, i + u = 4*q - i. What is the hundreds digit of q?
2
Suppose -6250 = 37*h - 39*h. What is the tens digit of h?
2
Let s = 290 + -97. Suppose 2*m = 5*f + 223, -11*m + f - s = -13*m. What is the units digit of m?
9
Let l = -190106 + 278182. What is the thousands digit of l?
8
Let t(b) = 120*b**3 + 17*b - 89. What is the thousands digit of t(6)?
5
Let l(s) = s**3 - 34*s**2 + 90*s + 92. Let m be l(31). Let q(u) be the third derivative of -47*u**4/24 + u**2. What is the tens digit of q(m)?
4
Suppose 0 = 27*k - 29*k + 1664. Suppose k - 181 = 4*u - 5*g, -5*u = -3*g - 830. Suppose -3*x = -u - 11. What is the tens digit of x?
6
Let k(t) = 40*t**2 + 3*t + 5 + 26*t**2 + 34*t**2 + 2*t. What is the hundreds digit of k(-2)?
3
Let r be 28/(-2)*72/(-16). Suppose 4*q + r + 161 = 0. Let o = q + 87. What is the tens digit of o?
3
Let z(h) = -h**2 - 17*h + 171. Let i be z(7). Suppose 4*o - 4*w = -i*w + 1591, -412 = -o + 5*w. What is the units digit of o?
7
Let r = 5481 + -3882. Let t = r - 1046. What is the hundreds digit of t?
5
Suppose 229*r - 221*r = 744. Let u = r - 49. What is the units digit of u?
4
Suppose -3*q - 3*z = -49869, 6799 + 9827 = q + 2*z. What is the ten thousands digit of q?
1
Let d be ((-21)/4)/(21/(-56)). Suppose 0 = -5*h + 6 + d, 0 = -k - 3*h + 263. What is the hundreds digit of k?
2
Suppose 5*l + 3015 = -15*p + 10*p, 3*p - 3015 = 5*l. Let b = -445 - l. What is the tens digit of b?
5
Let n = -72 + 74. Let i be ((-728)/(-42))/(n/15). Suppose -b = 3*c - 278, 5*c = 4*b + 305 + i. What is the units digit of c?
1
Suppose 5*j = 2*p - 0*j - 9, p + 3*j = -1. Suppose -5*w + 2114 = n, p*w + 11*n - 860 = 7*n. What is the units digit of w?
2
Let h(k) = 3*k**2 + 12*k - 3. Let c be h(-5). Let t(y) be the third derivative of y**5/60 + y**4/8 - y**3/6 + 5*y**2. What is the tens digit of t(c)?
7
Let p be (20/6 - -1)/((-123)/14760). Let w = 1359 + p. What is the tens digit of w?
3
Let q(x) = -17*x - 13. Let f be q(-1). Suppose -87 = -12*l + 9*l - 2*m, l - 19 = -f*m. What is the units digit of l?
1
Suppose -12*p - 3681 + 80637 = 0. What is the tens digit of p?
1
Suppose 51*f = 148*f - 2196371. What is the ten thousands digit of f?
2
Suppose -5*o + 20 = 4*p, 3*o + 2*p - 4 = 2*o. Let d(f) = -9 + f**2 - 8*f**3 + 3*f + 26*f**3 - 7*f**3 - 10*f**3. What is the tens digit of d(o)?
8
Let d(f) = -5669*f + 63. What is the tens digit of d(-1)?
3
Let l(p) = 3*p**2 + 52*p - 14. Let t(o) = 2*o**2 + 35*o - 9. Let n(s) = 5*l(s) - 7*t(s). What is the units digit of n(-23)?
7
Suppose -105*k - 83245 + 457885 = 0. What is the tens digit of k?
6
Let p(g) = -2 + 65*g + 87*g + 36*g - 42*g. What is the units digit of p(2)?
0
Suppose -4*x + 142900 = 4*q, -5*x = 17*q - 13*q - 142901. What is the thousands digit of q?
5
Suppose 2*i - 3757 = -m, 58*m + i - 11251 = 55*m. What is the tens digit of m?
4
Suppose -2*l = 2*b + 2, 2*l - 2 = 2*b + 8. Suppose -4*z + 5*s = -383, z - l*s - 282 = -2*z. Let q = z - -16. What is the hundreds digit of q?
1
Let r = 10112 - -30496. What is the thousands digit of r?
0
What is the units digit of 11 - (-522)/(-45) - (-59139)/15?
2
Let x = -16 - -7. Let v(s) = -8*s - 8*s + 37*s + s**2 - 11 - 14*s. What is the units digit of v(x)?
7
Suppose -22*j = -17*j + 490. Suppose 0 = -3*r - 5*u - 686, 0 = 2*r + 5*u + 395 + 54. Let h = j - r. What is the hundreds digit of h?
1
Let g(u) = 3*u**3 - 44*u**2 + 47*u - 586. What is the thousands digit of g(21)?
8
Let k(g) = 375*g - 310. Let q be k(6). Let b = q - 87. What is the units digit of b?
3
Let x = -5545 - -8738. Suppose -34*p = -61639 + x. What is the tens digit of p?
1
What is the hundreds digit of (-7 - (17 - 14)) + (6 - -35509)?
5
Let k be -6 + 3/12*12. What is the units digit of 10 - 6 - ((-6)/k - -1)?
1
Suppose -3*a + 8 = -115. Let h be (2/(-2))/(9/(-4491)). Suppose 5*v - a = h. What is the hundreds digit of v?
1
Let j(c) = -c**3 - c**2 + 9*c + 40. Let z be j(-6). Let b = z - -758. What is the tens digit of b?
2
Let t(p) = p**3 - 2*p**2 + 16*p - 507. Let j be t(8). Let u be 4*2/(4/1). Suppose -u*a - j*c = -222, -4*a - a = -c - 582. What is the hundreds digit of a?
1
Suppose a - 232 = -3*a + 23532. What is the units digit of a?
1
Suppose 0 = 9*d - 6*d - 9. Let q be (8 + -6)/(d/102). Let r = -57 + q. What is the units digit of r?
1
Let a be 14/(-7 - (-216)/30). Suppose 4*l = 503 + 13. Let p = l - a. What is the tens digit of p?
5
Let n(z) = 1480*z**2 + 112*z - 7. What is the ten thousands digit of n(3)?
1
Let n(d) = 4*d**2 - d + 4. Let y be n(-6). Let v be (-80298)/(-8) - 12/(-16). What is the tens digit of 2/(-11) + v/y?
6
Let z(h) = -4*h - 31. Let m be z(-9). Suppose -m*g + 364 = -151. What is the units digit of (-8 - g)*(0 + -1)?
1
Let v(k) = -50*k + 34*k - 54 + 31*k. Let i be v(6). Suppose -3*o - o - i = -4*w, -2*o + 14 = 2*w. What is the units digit of w?
8
Suppose 20*x - 1248 - 137148 = 8*x. What is the units digit of x?
3
What is the thousands digit of 19246*90/140 -